 -101 + 5. List the prime factors of m.
2, 3
Let g(i) = 2*i. Suppose -a + 5 = -2. List the prime factors of g(a).
2, 7
Suppose 0 = 2*g + 3 - 11. What are the prime factors of g?
2
Let w = 8 + -2. Suppose -3*s + w*s - 3*t - 15 = 0, -4 = -t. List the prime factors of s.
3
Suppose -z = -3*z. Suppose 34 = 3*y - 26. Suppose -3*f + f + y = z. List the prime factors of f.
2, 5
Suppose -x = 2*x. Suppose x = r + 4*r - 30. List the prime factors of r.
2, 3
Let j = -9 + 13. Let h = -2 + j. List the prime factors of (2/3)/(h/15).
5
Suppose 2*i - 6*i + 128 = 0. What are the prime factors of i?
2
Suppose 0 = -5*a + 9 + 6. Let h be (9/3)/3*a. Suppose 13 = 2*n - h. List the prime factors of n.
2
Let r be -2*3*(-8)/(-2). Let m = 2 - r. What are the prime factors of m?
2, 13
Let h(d) = d - 16. Let y be h(11). Let q be 18/15*y/2. Let z = 12 + q. What are the prime factors of z?
3
Suppose 0 = g + 3*k + 12, 5*g - 10 = -k - 0*k. Let z = 8 - -2. Suppose -g*j = -2*j - z. List the prime factors of j.
2, 5
Let r(v) = 7*v**2 + 2*v - 5. List the prime factors of r(-4).
3, 11
Suppose 0 = z - 15. What are the prime factors of z?
3, 5
Let q = 279 - 56. List the prime factors of q.
223
Suppose -97 = -7*p + 6*p. List the prime factors of p.
97
Let p(r) = 2*r**3 + 4*r**2 + 4*r - 5*r**2 - 2 - 2*r. List the prime factors of p(2).
2, 7
List the prime factors of ((-2)/(-4))/(-1*(-1)/542).
271
Suppose -3*p + 24 = -30. What are the prime factors of p?
2, 3
Let i(d) = d**3 - 4*d**2 + 2*d - 6. Let b be i(4). Let g be (-6)/12 - (-21)/b. Let l(f) = 2*f - 8. What are the prime factors of l(g)?
2, 3
Let h = 186 + -67. What are the prime factors of h?
7, 17
Suppose -3*o + 71 = -5*v, -37 = -o + 2*v + 3*v. What are the prime factors of o?
17
Let f = 2 + 49. List the prime factors of f.
3, 17
Let g be 4/(2/2 + -2). Let d(i) = -i**3 - 4*i**2 - 3*i - 4. List the prime factors of d(g).
2
Suppose c - 4*c + 15 = 0. Suppose c*k - 24 = 2*k. List the prime factors of k.
2
Suppose 0 = -3*m + 91 + 935. List the prime factors of m.
2, 3, 19
Suppose 2*t - 540 - 164 = 0. What are the prime factors of t?
2, 11
Let m(v) = -4*v - 5. Let r(j) = -7*j - 9. Let q(k) = -5*m(k) + 3*r(k). Suppose 0 = 5*l + 25. List the prime factors of q(l).
3
Suppose 3*l - 10*l + 791 = 0. What are the prime factors of l?
113
Let q be 0 - (1 - 0/(-1)). Let x(g) = -g + g + 1 - g + 19*g**2 + 3*g. List the prime factors of x(q).
2, 3
Let u(s) = s**3 - 2*s**2 + 2*s - 2. Let i be (-2)/(-1 + 2) + 9. Suppose 4*g - 18 = -3*c, -2*c + 3*g - i = -c. List the prime factors of u(c).
2
Let l = -3 + 5. Suppose 6*o - o + 46 = -l*m, m - o + 16 = 0. Let s = 30 + m. What are the prime factors of s?
2, 3
Let y = 6 + -6. Suppose y*k = -2*k. Suppose 2*m = 5*s - 72, k = -0*s + 2*s - 4*m - 16. What are the prime factors of s?
2
Let k(l) = 8*l - 3. Let g be k(2). Let q = -1 + g. Let x = q + -8. List the prime factors of x.
2
Let m = -102 + -43. List the prime factors of 4/(-22) - m/11.
13
Let f = 15 + 19. List the prime factors of f.
2, 17
Suppose -x + 0*x + 22 = 0. Suppose -x + 118 = 4*c. List the prime factors of c.
2, 3
Suppose 9*x = 8*x - 14. List the prime factors of ((-52)/(-2))/(x/(-21)).
3, 13
Suppose -3*b + 29 = s, 76 = 5*b + 3*s + 29. Let r = 18 - b. What are the prime factors of r?
2
Let c(q) = q**2 - 7*q - 6. Let f be c(12). What are the prime factors of 5*(f/15 + 2)?
2, 7
Suppose 5 = 3*u + 4*v, 3*u + 2*v + 1 = 2*u. Let a = u + -3. Suppose a = 5*l - 4*l. List the prime factors of l.
2
Suppose 0*s = 4*s + 4*q - 328, -2*s + 140 = -4*q. List the prime factors of s.
2, 3, 13
Suppose -3*r - 2*n - 3 = -29, 28 = 2*r - 4*n. List the prime factors of r.
2, 5
Let l(m) = 4*m - 2. Suppose 2*k - 5*x = 5, 2*k + 3*x - 11 = 6*k. Let f = 8 + k. List the prime factors of l(f).
2, 5
Let w = -1 - -4. Suppose w*r + 4 = 2*r. List the prime factors of (-1)/((r/18)/2).
3
Let c(y) = y**3 - 2*y**2 - 3*y + 2. Let s be c(3). Suppose -s*p - 14 = -2*q, -2*q = 5*p + 3 + 67. List the prime factors of 9/(-2)*p/9.
2, 3
What are the prime factors of (-5)/(-10)*1*8?
2
Suppose 277 = 3*r - 242. List the prime factors of r.
173
Suppose -h - 4 + 3 = 0. Let n = h + 2. List the prime factors of 1/n + (-44)/(-4).
2, 3
Let y(x) = -6*x - 3 - 6*x + 0*x + 3*x. What are the prime factors of y(-3)?
2, 3
Let w(f) = 2*f**3 + f**2 - 2*f + 1. Let h be w(1). Suppose h*d - 39 = 29. List the prime factors of d/5 + (-5)/(-25).
7
Let v = -78 - -148. List the prime factors of v.
2, 5, 7
Suppose l - 2 + 15 = 0. Let s = 5 + l. Let p = 18 + s. List the prime factors of p.
2, 5
What are the prime factors of (-2 - 0 - -17) + 3?
2, 3
Let w = 16 - 5. Suppose 3*f + 5*c = w, c = 4*f - 0*c - 7. What are the prime factors of 0 + f/(2/3)?
3
Suppose -312 = -7*u + 87. List the prime factors of u.
3, 19
Suppose -23 = -0*j - j - 5*u, 5*j + u = -5. Let n be (-22)/4 - j/4. List the prime factors of (-13)/n + 4/10.
3
List the prime factors of 4/8*8 + 42.
2, 23
Suppose 4*n + 5*u - 38 = 0, 0 = 4*n - 2*u + 7 - 59. List the prime factors of n.
2, 3
Let a(o) = -2*o**3 - 2*o**2 - 1. Let y be a(-3). Let h(d) = d**3 + 2*d**2 - 4*d. Let n be h(-3). Suppose 10 = n*r - y. List the prime factors of r.
3, 5
Suppose -3*q + 14 = -0*q - 5*t, -5*q = 5*t - 50. Let k = 28 - q. List the prime factors of (6/5)/(3/k).
2
Let f = 12 - 21. Let l = -5 + 8. List the prime factors of 10 - 6/f*l.
2, 3
Let j = -67 - -138. List the prime factors of j.
71
Let t(j) = 5*j**2 + 16*j + 5. Let r(l) = -3*l**2 - 8*l - 3. Let g(y) = 7*r(y) + 4*t(y). Let d(h) = -7*h. Let v be d(-1). List the prime factors of g(v).
2, 3
Let c = -25 - -50. What are the prime factors of c?
5
Let n(d) = d**3 - 5*d**2 + 3*d - 3. Let m be n(4). Let w(s) = s + 11. What are the prime factors of w(m)?
2
Let n be (-4)/2 + 14/2. Let m(f) = -f + 3. Let p be m(-4). Suppose n*k = u - 18, -5*u - p + 73 = -k. What are the prime factors of u?
13
What are the prime factors of 5/10*215 + 2/4?
2, 3
Suppose 0 = 3*d - 1 + 4, 2*d = z - 203. What are the prime factors of z?
3, 67
Suppose 0 = -3*m + 4*s + 644, 676 = 2*m + m + 4*s. What are the prime factors of m?
2, 5, 11
Let t(h) = -21*h + 1. Let o be t(-2). Let q = 88 - o. Let f = q - 26. List the prime factors of f.
19
List the prime factors of 2360/30 - (-2)/(-3).
2, 3, 13
Suppose 12*k - 221 = 439. What are the prime factors of k?
5, 11
Let v = 4 + -4. Suppose -3*p + 0*p = v. Let a(w) = w + 11. What are the prime factors of a(p)?
11
Suppose 4*t + 0*g - 46 = 2*g, 2*g = -4*t + 42. Let k(r) = r**3 + 5*r**2 + 4. Let u be k(-5). Let v = u + t. What are the prime factors of v?
3, 5
Let h(m) = -m**2 + 9*m - 9. Let t(b) = -b + 2. Let x be t(-4). What are the prime factors of h(x)?
3
Let m(u) = -7*u - 4. Let h be m(-3). Suppose 4*b - h = -5, 3*b = -2*j + 15. Suppose 0*o + j*o = 18. What are the prime factors of o?
2, 3
Suppose 5*i = 11 - 1. Suppose 0 = i*w - 4*w + 16. What are the prime factors of w?
2
Let j(q) = -2*q + 3 + 6*q + 1 - 3*q. Let p be j(0). Suppose 5*z + 2*t - 55 = -3*t, 28 = 3*z + p*t. List the prime factors of z.
2
Suppose -2*f + n = 2*n - 13, -4*n + 7 = 3*f. Let h = f + -2. List the prime factors of h.
7
Suppose 3 = x + 1. Suppose -10 = x*h, 2 = -3*t - 5*h + 61. List the prime factors of t.
2, 7
Let k = -7 - -5. Let p be (k + 3)*(-30)/2. What are the prime factors of 8/10*p/(-2)?
2, 3
Suppose -5*w - 3*m + 186 + 112 = 0, 4*m + 55 = w. What are the prime factors of w?
59
Suppose -3*b = 2*w + 2*w - 33, 5*w + 20 = 5*b. Suppose 0 = -3*t + 4*t - b. What are the prime factors of t?
7
Suppose 3*w = 4*h + 28, -w = -3*w - 5*h - 12. Suppose w*n + 9 = -l, -5*n = -l - 0*n + 36. List the prime factors of l.
11
Let h be (-1 + -3)/2*-1. Suppose -3*g + 18 = -h*g. List the prime factors of g.
2, 3
Let w(g) = 2*g - 13. Let z be w(10). Suppose -5*i - 36 = -z*i. List the prime factors of i.
2, 3
Let x = 7 + -3. Suppose 3*s - 171 = -x*c, -2*s = -c + 4*c - 127. What are the prime factors of c?
3, 13
Let k = -12 + 20. Let s be (-25)/10*2*1. Let y = k + s. What are the prime factors of y?
3
Suppose 0*i - 2*i = -118. List the prime factors of i.
59
What are the prime factors of 2/2 + 3 + (68 - -3)?
3, 5
Suppose -5*u = a - 1420, -5*u + u - 4*a = -1136. List the prime factors of u.
2, 71
What are the prime factors of (-2 - -31) + -3*1?
2, 13
Let l be -2 - (-2 - -1